{"id":7,"date":"2021-09-27T09:16:19","date_gmt":"2021-09-27T09:16:19","guid":{"rendered":"https:\/\/gaeu.bevrd.dz\/?page_id=7"},"modified":"2021-11-16T12:41:57","modified_gmt":"2021-11-16T12:41:57","slug":"%d8%a7%d8%aa%d8%b5%d8%a7%d9%84","status":"publish","type":"page","link":"https:\/\/gaeu.bevrd.dz\/?page_id=7","title":{"rendered":"Contact"},"content":{"rendered":"\t\t<div data-elementor-type=\"wp-page\" data-elementor-id=\"7\" class=\"elementor elementor-7\" data-elementor-settings=\"[]\">\n\t\t\t\t\t\t<div class=\"elementor-inner\">\n\t\t\t\t\t\t\t<div class=\"elementor-section-wrap\">\n\t\t\t\t\t\t\t<section class=\"elementor-section elementor-top-section elementor-element elementor-element-1d110d9b elementor-section-boxed elementor-section-height-default elementor-section-height-default\" data-id=\"1d110d9b\" data-element_type=\"section\">\n\t\t\t\t\t\t<div class=\"elementor-container elementor-column-gap-default\">\n\t\t\t\t\t\t\t<div class=\"elementor-row\">\n\t\t\t\t\t<div class=\"elementor-column elementor-col-100 elementor-top-column elementor-element elementor-element-4aef491b\" data-id=\"4aef491b\" data-element_type=\"column\">\n\t\t\t<div class=\"elementor-column-wrap elementor-element-populated\">\n\t\t\t\t\t\t\t<div class=\"elementor-widget-wrap\">\n\t\t\t\t\t\t<div class=\"elementor-element elementor-element-174e3d44 elementor-widget elementor-widget-text-editor\" data-id=\"174e3d44\" data-element_type=\"widget\" data-widget_type=\"text-editor.default\">\n\t\t\t\t<div class=\"elementor-widget-container\">\n\t\t\t\t\t\t\t\t<div class=\"elementor-text-editor elementor-clearfix\">\n\t\t\t\t<p dir=\"ltr\"><strong>SARL BEVRD BOURAOUI MOKHTAR<\/strong><\/p><p dir=\"ltr\" style=\"text-align: left;\">Si\u00e8ge Social : N\u00b019 Rue Djeffal Amara Cit\u00e9 Djoued Biskra Alg\u00e9rie<\/p><p dir=\"ltr\" style=\"text-align: left;\"><img loading=\"lazy\" decoding=\"async\" class=\"alignnone wp-image-509\" src=\"https:\/\/gaeu.bevrd.dz\/wp-content\/uploads\/2021\/10\/telephone.jpg\" alt=\"\" width=\"64\" height=\"64\" \/>T\u00e9l: +213.33.53.00.53<\/p><p dir=\"ltr\" style=\"text-align: left;\"><img loading=\"lazy\" decoding=\"async\" class=\"alignnone wp-image-510\" src=\"https:\/\/gaeu.bevrd.dz\/wp-content\/uploads\/2021\/10\/\u0641\u0627\u0643\u0633-removebg-preview-300x225.png\" alt=\"\" width=\"69\" height=\"52\" srcset=\"https:\/\/gaeu.bevrd.dz\/wp-content\/uploads\/2021\/10\/\u0641\u0627\u0643\u0633-removebg-preview-300x225.png 300w, https:\/\/gaeu.bevrd.dz\/wp-content\/uploads\/2021\/10\/\u0641\u0627\u0643\u0633-removebg-preview-360x270.png 360w, https:\/\/gaeu.bevrd.dz\/wp-content\/uploads\/2021\/10\/\u0641\u0627\u0643\u0633-removebg-preview.png 577w\" sizes=\"auto, (max-width: 69px) 100vw, 69px\" \/>Fax: +213.33.53.00.65<img loading=\"lazy\" decoding=\"async\" class=\"alignnone wp-image-512\" src=\"https:\/\/gaeu.bevrd.dz\/wp-content\/uploads\/2021\/10\/\u0645\u0648\u0628\u0627\u064a\u0644-removebg-preview-300x168.png\" alt=\"\" width=\"92\" height=\"51\" srcset=\"https:\/\/gaeu.bevrd.dz\/wp-content\/uploads\/2021\/10\/\u0645\u0648\u0628\u0627\u064a\u0644-removebg-preview-300x168.png 300w, https:\/\/gaeu.bevrd.dz\/wp-content\/uploads\/2021\/10\/\u0645\u0648\u0628\u0627\u064a\u0644-removebg-preview-360x202.png 360w, https:\/\/gaeu.bevrd.dz\/wp-content\/uploads\/2021\/10\/\u0645\u0648\u0628\u0627\u064a\u0644-removebg-preview.png 667w\" sizes=\"auto, (max-width: 92px) 100vw, 92px\" \/> Mobile: +213.661.37.40.13<\/p><p dir=\"ltr\" style=\"text-align: left;\"><strong><img loading=\"lazy\" decoding=\"async\" class=\"alignnone wp-image-663\" src=\"https:\/\/gaeu.bevrd.dz\/wp-content\/uploads\/2021\/11\/EMAIL-removebg-preview-300x300.png\" alt=\"\" width=\"58\" height=\"58\" srcset=\"https:\/\/gaeu.bevrd.dz\/wp-content\/uploads\/2021\/11\/EMAIL-removebg-preview-300x300.png 300w, https:\/\/gaeu.bevrd.dz\/wp-content\/uploads\/2021\/11\/EMAIL-removebg-preview-150x150.png 150w, https:\/\/gaeu.bevrd.dz\/wp-content\/uploads\/2021\/11\/EMAIL-removebg-preview-270x270.png 270w, https:\/\/gaeu.bevrd.dz\/wp-content\/uploads\/2021\/11\/EMAIL-removebg-preview.png 500w\" sizes=\"auto, (max-width: 58px) 100vw, 58px\" \/><\/strong>Email:\u00a0<a href=\"admin@gmail.com\">admin@gmail.com<\/a><\/p><p dir=\"ltr\" style=\"text-align: left;\">\u00a0 <img loading=\"lazy\" decoding=\"async\" class=\"alignnone wp-image-783\" style=\"font-family: var( --e-global-typography-text-font-family ), Sans-serif; font-weight: var( --e-global-typography-text-font-weight ); color: var( --e-global-color-text ); font-size: 14px;\" src=\"https:\/\/gaeu.bevrd.dz\/wp-content\/uploads\/2021\/11\/facebook-removebg-preview.png\" alt=\"\" width=\"47\" height=\"47\" \/>\u00a0Facebook: <a href=\"https:\/\/www.facebook.com\/sarl.bevrd\/\">sarl bevrd<\/a><\/p><p dir=\"ltr\" style=\"text-align: left;\"><strong>C<\/strong><strong style=\"font-family: var( --e-global-typography-text-font-family ), Sans-serif;\">entre de formation CFDC BOURAOUI<\/strong><\/p><p dir=\"ltr\" style=\"text-align: left;\">Cit\u00e9 Ain Sefiha-Setif<\/p><p dir=\"ltr\" style=\"text-align: left;\"><img loading=\"lazy\" decoding=\"async\" class=\"alignnone wp-image-509\" src=\"https:\/\/gaeu.bevrd.dz\/wp-content\/uploads\/2021\/10\/telephone.jpg\" alt=\"\" width=\"64\" height=\"64\" \/>T\u00e9l: +213.36.64.20.91<\/p><h3 id=\"tw-target-text\" class=\"tw-data-text tw-text-large tw-ta\" dir=\"ltr\" data-placeholder=\"Traduction\"><span class=\"Y2IQFc\" lang=\"fr\">Pour en savoir plus cliquez ici\u00a0\u00a0<\/span><a href=\"https:\/\/cfdc19.com\" data-wplink-edit=\"true\">https:\/\/cfdc19.com<\/a><\/h3><p dir=\"ltr\"><iframe loading=\"lazy\" style=\"border: 0;\" src=\"https:\/\/www.google.com\/maps\/embed?pb=!1m18!1m12!1m3!1d1946.8513805129528!2d5.734480213668299!3d34.85118419684875!2m3!1f0!2f0!3f0!3m2!1i1024!2i768!4f13.1!3m3!1m2!1s0x12f5a77ceddef469%3A0x13c0e8a7b9199667!2sBEVRD%20bureau%20d'%C3%A9tude%20topographique%20et%20vrd!5e0!3m2!1sfr!2sdz!4v1636888966964!5m2!1sfr!2sdz\" width=\"600\" height=\"450\" allowfullscreen=\"allowfullscreen\"><\/iframe><\/p>\t\t\t\t\t<\/div>\n\t\t\t\t\t\t<\/div>\n\t\t\t\t<\/div>\n\t\t\t\t\t\t<\/div>\n\t\t\t\t\t<\/div>\n\t\t<\/div>\n\t\t\t\t\t\t\t\t<\/div>\n\t\t\t\t\t<\/div>\n\t\t<\/section>\n\t\t\t\t<section class=\"elementor-section elementor-top-section elementor-element elementor-element-72d82fd elementor-section-stretched elementor-section-boxed elementor-section-height-default elementor-section-height-default\" data-id=\"72d82fd\" data-element_type=\"section\" data-settings=\"{&quot;background_background&quot;:&quot;classic&quot;,&quot;stretch_section&quot;:&quot;section-stretched&quot;}\">\n\t\t\t\t\t\t<div class=\"elementor-container elementor-column-gap-default\">\n\t\t\t\t\t\t\t<div class=\"elementor-row\">\n\t\t\t\t\t<div class=\"elementor-column elementor-col-100 elementor-top-column elementor-element elementor-element-9eb7a6f\" data-id=\"9eb7a6f\" data-element_type=\"column\">\n\t\t\t<div class=\"elementor-column-wrap elementor-element-populated\">\n\t\t\t\t\t\t\t<div class=\"elementor-widget-wrap\">\n\t\t\t\t\t\t<div class=\"elementor-element elementor-element-f3f3763 elementor-widget elementor-widget-heading\" data-id=\"f3f3763\" data-element_type=\"widget\" data-widget_type=\"heading.default\">\n\t\t\t\t<div class=\"elementor-widget-container\">\n\t\t\t<h2 class=\"elementor-heading-title elementor-size-default\">SARL BEVRD BOURAOUI \u00a9 2021\n<\/h2>\t\t<\/div>\n\t\t\t\t<\/div>\n\t\t\t\t\t\t<\/div>\n\t\t\t\t\t<\/div>\n\t\t<\/div>\n\t\t\t\t\t\t\t\t<\/div>\n\t\t\t\t\t<\/div>\n\t\t<\/section>\n\t\t\t\t\t\t<\/div>\n\t\t\t\t\t\t<\/div>\n\t\t\t\t\t<\/div>\n\t\t","protected":false},"excerpt":{"rendered":"<p>SARL BEVRD BOURAOUI MOKHTAR Si\u00e8ge Social : N\u00b019 Rue Djeffal Amara Cit\u00e9 Djoued Biskra Alg\u00e9rie T\u00e9l: +213.33.53.00.53 Fax: +213.33.53.00.65 Mobile: +213.661.37.40.13 Email:\u00a0admin@gmail.com \u00a0 \u00a0Facebook: sarl bevrd Centre de formation CFDC BOURAOUI Cit\u00e9 Ain Sefiha-Setif T\u00e9l: +213.36.64.20.91 Pour en savoir plus <a href=\"https:\/\/gaeu.bevrd.dz\/?page_id=7\" class=\"read-more\">Read More &#8230;<\/a><\/p>\n","protected":false},"author":1,"featured_media":0,"parent":0,"menu_order":0,"comment_status":"closed","ping_status":"closed","template":"","meta":{"footnotes":""},"class_list":["post-7","page","type-page","status-publish","hentry"],"_links":{"self":[{"href":"https:\/\/gaeu.bevrd.dz\/index.php?rest_route=\/wp\/v2\/pages\/7","targetHints":{"allow":["GET"]}}],"collection":[{"href":"https:\/\/gaeu.bevrd.dz\/index.php?rest_route=\/wp\/v2\/pages"}],"about":[{"href":"https:\/\/gaeu.bevrd.dz\/index.php?rest_route=\/wp\/v2\/types\/page"}],"author":[{"embeddable":true,"href":"https:\/\/gaeu.bevrd.dz\/index.php?rest_route=\/wp\/v2\/users\/1"}],"replies":[{"embeddable":true,"href":"https:\/\/gaeu.bevrd.dz\/index.php?rest_route=%2Fwp%2Fv2%2Fcomments&post=7"}],"version-history":[{"count":34,"href":"https:\/\/gaeu.bevrd.dz\/index.php?rest_route=\/wp\/v2\/pages\/7\/revisions"}],"predecessor-version":[{"id":807,"href":"https:\/\/gaeu.bevrd.dz\/index.php?rest_route=\/wp\/v2\/pages\/7\/revisions\/807"}],"wp:attachment":[{"href":"https:\/\/gaeu.bevrd.dz\/index.php?rest_route=%2Fwp%2Fv2%2Fmedia&parent=7"}],"curies":[{"name":"wp","href":"https:\/\/api.w.org\/{rel}","templated":true}]}}