{"id":116,"date":"2021-09-28T14:22:19","date_gmt":"2021-09-28T14:22:19","guid":{"rendered":"https:\/\/gaeu.bevrd.dz\/?page_id=116"},"modified":"2021-11-17T08:12:57","modified_gmt":"2021-11-17T08:12:57","slug":"commune-delhaouche","status":"publish","type":"page","link":"https:\/\/gaeu.bevrd.dz\/?page_id=116","title":{"rendered":"APC El Haouche"},"content":{"rendered":"\t\t<div data-elementor-type=\"wp-page\" data-elementor-id=\"116\" class=\"elementor elementor-116\" data-elementor-settings=\"[]\">\n\t\t\t\t\t\t<div class=\"elementor-inner\">\n\t\t\t\t\t\t\t<div class=\"elementor-section-wrap\">\n\t\t\t\t\t\t\t<section class=\"elementor-section elementor-top-section elementor-element elementor-element-38347496 elementor-section-boxed elementor-section-height-default elementor-section-height-default\" data-id=\"38347496\" data-element_type=\"section\">\n\t\t\t\t\t\t<div class=\"elementor-container elementor-column-gap-default\">\n\t\t\t\t\t\t\t<div class=\"elementor-row\">\n\t\t\t\t\t<div class=\"elementor-column elementor-col-100 elementor-top-column elementor-element elementor-element-27d7700b\" data-id=\"27d7700b\" data-element_type=\"column\">\n\t\t\t<div class=\"elementor-column-wrap elementor-element-populated\">\n\t\t\t\t\t\t\t<div class=\"elementor-widget-wrap\">\n\t\t\t\t\t\t<div class=\"elementor-element elementor-element-7745a923 elementor-widget elementor-widget-text-editor\" data-id=\"7745a923\" data-element_type=\"widget\" data-widget_type=\"text-editor.default\">\n\t\t\t\t<div class=\"elementor-widget-container\">\n\t\t\t\t\t\t\t\t<div class=\"elementor-text-editor elementor-clearfix\">\n\t\t\t\t<h2 style=\"text-align: center;\"><strong>Etude d\u2019expertise\u00a0et diagnostic du r\u00e9seau d\u2019AEU de la\u00a0\u00a0commune\u00a0\u00a0d\u2019El Haouche , wilaya de Biskra\u00a0<\/strong><\/h2><h2 style=\"text-align: center;\"><strong>y compris l\u2019\u00e9tablissement de la carte num\u00e9rique<\/strong><\/h2><h2 id=\"trpar\" dir=\"ltr\" style=\"text-align: center;\"><strong><span id=\"s2_3\">Par l&#8217;Utilisation du syst\u00e8me d\u2019information g\u00e9ographique SIG<\/span><\/strong><\/h2><p style=\"text-align: center;\"><img loading=\"lazy\" decoding=\"async\" class=\"alignnone wp-image-1860 size-full\" src=\"https:\/\/gaeu.bevrd.dz\/wp-content\/uploads\/2021\/10\/ELHAOUCHE.jpg\" alt=\"\" width=\"2010\" height=\"1367\" \/><\/p>\t\t\t\t\t<\/div>\n\t\t\t\t\t\t<\/div>\n\t\t\t\t<\/div>\n\t\t\t\t\t\t<\/div>\n\t\t\t\t\t<\/div>\n\t\t<\/div>\n\t\t\t\t\t\t\t\t<\/div>\n\t\t\t\t\t<\/div>\n\t\t<\/section>\n\t\t\t\t<section class=\"elementor-section elementor-top-section elementor-element elementor-element-1e0693f elementor-section-boxed elementor-section-height-default elementor-section-height-default\" data-id=\"1e0693f\" data-element_type=\"section\" data-settings=\"{&quot;background_background&quot;:&quot;classic&quot;}\">\n\t\t\t\t\t\t<div class=\"elementor-container elementor-column-gap-default\">\n\t\t\t\t\t\t\t<div class=\"elementor-row\">\n\t\t\t\t\t<div class=\"elementor-column elementor-col-100 elementor-top-column elementor-element elementor-element-11ba9a4\" data-id=\"11ba9a4\" data-element_type=\"column\">\n\t\t\t<div class=\"elementor-column-wrap elementor-element-populated\">\n\t\t\t\t\t\t\t<div class=\"elementor-widget-wrap\">\n\t\t\t\t\t\t<div class=\"elementor-element elementor-element-996f112 elementor-widget elementor-widget-heading\" data-id=\"996f112\" data-element_type=\"widget\" data-widget_type=\"heading.default\">\n\t\t\t\t<div class=\"elementor-widget-container\">\n\t\t\t<h2 class=\"elementor-heading-title elementor-size-default\">SARL BEVRD BOURAOUI \u00a9 2021\u200b<\/h2>\t\t<\/div>\n\t\t\t\t<\/div>\n\t\t\t\t\t\t<\/div>\n\t\t\t\t\t<\/div>\n\t\t<\/div>\n\t\t\t\t\t\t\t\t<\/div>\n\t\t\t\t\t<\/div>\n\t\t<\/section>\n\t\t\t\t\t\t<\/div>\n\t\t\t\t\t\t<\/div>\n\t\t\t\t\t<\/div>\n\t\t","protected":false},"excerpt":{"rendered":"<p>Etude d\u2019expertise\u00a0et diagnostic du r\u00e9seau d\u2019AEU de la\u00a0\u00a0commune\u00a0\u00a0d\u2019El Haouche , wilaya de Biskra\u00a0 y compris l\u2019\u00e9tablissement de la carte num\u00e9rique Par l&#8217;Utilisation du syst\u00e8me d\u2019information g\u00e9ographique SIG SARL BEVRD BOURAOUI \u00a9 2021\u200b<\/p>\n","protected":false},"author":1,"featured_media":0,"parent":0,"menu_order":0,"comment_status":"closed","ping_status":"closed","template":"","meta":{"footnotes":""},"class_list":["post-116","page","type-page","status-publish","hentry"],"_links":{"self":[{"href":"https:\/\/gaeu.bevrd.dz\/index.php?rest_route=\/wp\/v2\/pages\/116","targetHints":{"allow":["GET"]}}],"collection":[{"href":"https:\/\/gaeu.bevrd.dz\/index.php?rest_route=\/wp\/v2\/pages"}],"about":[{"href":"https:\/\/gaeu.bevrd.dz\/index.php?rest_route=\/wp\/v2\/types\/page"}],"author":[{"embeddable":true,"href":"https:\/\/gaeu.bevrd.dz\/index.php?rest_route=\/wp\/v2\/users\/1"}],"replies":[{"embeddable":true,"href":"https:\/\/gaeu.bevrd.dz\/index.php?rest_route=%2Fwp%2Fv2%2Fcomments&post=116"}],"version-history":[{"count":9,"href":"https:\/\/gaeu.bevrd.dz\/index.php?rest_route=\/wp\/v2\/pages\/116\/revisions"}],"predecessor-version":[{"id":853,"href":"https:\/\/gaeu.bevrd.dz\/index.php?rest_route=\/wp\/v2\/pages\/116\/revisions\/853"}],"wp:attachment":[{"href":"https:\/\/gaeu.bevrd.dz\/index.php?rest_route=%2Fwp%2Fv2%2Fmedia&parent=116"}],"curies":[{"name":"wp","href":"https:\/\/api.w.org\/{rel}","templated":true}]}}